nd 24.
24
Calculate the highest common factor of 1743 and 42.
21
Calculate the greatest common factor of 151 and 3473.
151
What is the greatest common divisor of 105 and 15?
15
Calculate the highest common divisor of 75 and 120.
15
What is the greatest common divisor of 300 and 4980?
60
Calculate the greatest common factor of 164 and 57236.
164
What is the highest common factor of 290 and 8845?
145
Calculate the highest common factor of 24 and 27.
3
What is the highest common factor of 517 and 11?
11
Calculate the highest common divisor of 50 and 110.
10
What is the greatest common divisor of 975 and 312?
39
Calculate the greatest common divisor of 18 and 657.
9
What is the highest common divisor of 800 and 150?
50
Calculate the greatest common divisor of 132 and 2970.
66
What is the greatest common factor of 30 and 570?
30
What is the greatest common divisor of 70 and 126?
14
What is the greatest common divisor of 140 and 13055?
35
What is the greatest common divisor of 25 and 1075?
25
What is the highest common divisor of 532 and 56?
28
Calculate the highest common divisor of 1679 and 146.
73
What is the highest common divisor of 657 and 1241?
73
What is the greatest common factor of 10 and 45?
5
What is the highest common factor of 200 and 320?
40
Calculate the highest common factor of 11 and 8932.
11
Calculate the highest common divisor of 6868 and 6060.
404
What is the greatest common divisor of 17022 and 6?
6
What is the greatest common factor of 53 and 1537?
53
What is the greatest common factor of 972 and 12?
12
Calculate the greatest common divisor of 2911 and 123.
41
Calculate the highest common factor of 768 and 32.
32
Calculate the highest common factor of 91 and 104.
13
Calculate the highest common divisor of 18 and 30438.
18
Calculate the highest common factor of 1 and 73.
1
Calculate the greatest common divisor of 2420 and 2299.
121
What is the highest common factor of 140 and 7420?
140
Calculate the highest common factor of 5 and 535.
5
What is the greatest common divisor of 117 and 78?
39
What is the greatest common divisor of 3772 and 7708?
164
What is the highest common factor of 150 and 6?
6
Calculate the greatest common divisor of 20 and 1580.
20
What is the greatest common divisor of 50 and 3030?
10
What is the highest common divisor of 296 and 512?
8
What is the highest common divisor of 21 and 49?
7
Calculate the highest common factor of 32 and 10.
2
Calculate the highest common factor of 260 and 21710.
130
What is the greatest common factor of 21 and 10500?
21
What is the highest common factor of 308 and 88?
44
What is the highest common divisor of 34 and 391?
17
Calculate the highest common divisor of 90 and 135.
45
What is the highest common divisor of 7033 and 13?
13
What is the greatest common factor of 63 and 171?
9
Calculate the greatest common divisor of 913 and 22.
11
Calculate the greatest common factor of 40 and 1080.
40
Calculate the greatest common divisor of 1072 and 670.
134
Calculate the highest common divisor of 20 and 280.
20
Calculate the greatest common divisor of 58 and 2146.
58
What is the greatest common divisor of 51 and 187?
17
Calculate the highest common factor of 20 and 320.
20
Calculate the highest common divisor of 28 and 67676.
28
What is the highest common factor of 935 and 1496?
187
What is the greatest common factor of 107 and 2461?
107
What is the greatest common factor of 7199 and 23?
23
Calculate the highest common factor of 3717 and 63.
63
What is the greatest common factor of 291 and 17169?
291
Calculate the highest common factor of 765 and 45.
45
Calculate the highest common divisor of 138 and 42366.
138
Calculate the greatest common divisor of 2825 and 339.
113
What is the greatest common factor of 8 and 256?
8
What is the highest common factor of 680 and 2516?
68
Calculate the greatest common factor of 592 and 666.
74
What is the greatest common divisor of 38952 and 24?
24
What is the greatest common factor of 27 and 57?
3
Calculate the greatest common factor of 96 and 12.
12
What is the greatest common factor of 4850 and 50?
50
Calculate the highest common factor of 325 and 39.
13
What is the highest common factor of 12 and 1644?
12
What is the highest common divisor of 5 and 355?
5
Calculate the greatest common factor of 68 and 17.
17
What is the greatest common divisor of 5628 and 42?
42
What is the greatest common factor of 695 and 10?
5
Calculate the highest common divisor of 18 and 171.
9
What is the greatest common factor of 4352 and 24?
8
Calculate the greatest common factor of 10 and 27190.
10
What is the greatest common factor of 132 and 1452?
132
What is the greatest common factor of 15 and 30?
15
Calculate the greatest common divisor of 10 and 3226.
2
Calculate the greatest common divisor of 430 and 10.
10
Calculate the highest common divisor of 14215 and 5.
5
What is the greatest common divisor of 15 and 435?
15
What is the greatest common divisor of 4424 and 790?
158
Calculate the greatest common factor of 33 and 539.
11
Calculate the highest common factor of 52 and 286.
26
Calculate the greatest common divisor of 1 and 747.
1
What is the greatest common divisor of 2565 and 30?
15
What is the greatest common factor of 63 and 77?
7
What is the greatest common factor of 374 and 154?
22
Calculate the highest common factor of 632 and 790.
158
Calculate the highest common factor of 7068 and 93.
93
Calculate the highest common factor of 57 and 2109.
57
Calculate the highest common factor of 420 and 402.
6
What is the greatest common divisor of 1376 and 473?
43
What is the highest common factor of 1086 and 6?
6
What is the highest common divisor of 2108 and 68?
68
Calculate the highest common factor of 441 and 171.
9
What is the greatest common divisor of 648 and 13284?
324
What is the greatest common divisor of 8808 and 60?
12
Calculate the greatest common divisor of 50 and 1600.
50
Calculate the highest common factor of 90 and 160.
10
Calculate the highest common divisor of 161 and 28.
7
What is the highest common factor of 58 and 134?
2
Calculate the greatest common factor of 56 and 63.
7
What is the highest common divisor of 38 and 589?
19
Calculate the highest common divisor of 50 and 150.
50
What is the highest common factor of 41 and 3034?
41
Calculate the greatest common divisor of 2890 and 850.
170
Calculate the greatest common divisor of 29 and 79837.
29
What is the greatest common factor of 132 and 8052?
132
What is the greatest common divisor of 448 and 392?
56
What is the greatest common factor of 18 and 414?
18
What is the highest common divisor of 272 and 119?
17
Calculate the highest common divisor of 2 and 4.
2
Calculate the greatest common divisor of 120 and 200.
40
Calculate the highest common factor of 4092 and 24.
12
What is the highest common factor of 31 and 20491?
31
What is the highest common divisor of 10 and 74?
2
Calculate the highest common divisor of 1501 and 76.
19
What is the greatest common factor of 2390 and 20?
10
Calculate the greatest common factor of 2688 and 84.
84
Calculate the highest common divisor of 723 and 15424.
241
What is the greatest common factor of 1848 and 176?
88
Calculate the highest common divisor of 100 and 880.
20
What is the highest common factor of 9 and 9?
9
Calculate the greatest common divisor of 6090 and 120.
30
What is the highest common divisor of 177 and 826?
59
What is the highest common factor of 24 and 15?
3
Calculate the greatest common factor of 550 and 88.
22
What is the greatest common factor of 7704 and 288?
72
Calculate the highest common divisor of 378 and 210.
42
What is the greatest common divisor of 13 and 676?
13
Calculate the highest common factor of 35 and 21.
7
Calculate the greatest common factor of 1278 and 30.
6
Calculate the highest common divisor of 13 and 949.
13
What is the greatest common factor of 24 and 1184?
8
What is the highest common factor of 27 and 711?
9
Calculate the greatest common divisor of 688 and 16.
16
What is the highest common factor of 12 and 12?
12
Calculate the greatest common divisor of 6 and 1838.
2
Calculate the highest common factor of 345 and 299.
23
Calculate the greatest common divisor of 14 and 1932.
14
Calculate the greatest common divisor of 7747 